)/(-4). Let o be (0 - (k - 2))/2. Give p(o).
14
Let z = -70 + 49. Let s(q) be the second derivative of -q**3/6 - 21*q**2/2 - 14*q + 22. Let x be s(z). Let m(o) = o - 3. Determine m(x).
-3
Suppose -3*m = -4*l - 7, -5*m + 175 - 155 = -5*l. Let t(p) = 7*p - 80. Determine t(m).
-17
Let m(k) = k**3 + 5*k**2 + 4*k - 2. Let x be (3 - 7)*((4 - 8) + -184). Suppose -4*i + 736 = x. Calculate m(i).
-2
Let q(k) = -9*k**2 - 71 + 0*k**2 + 15*k + 113 + k**3 - 10*k**2. Calculate q(18).
-12
Let w(p) be the third derivative of p**6/120 + p**5/10 - 3*p**4/8 - 2*p**3 + 32*p**2 - p. What is w(-7)?
2
Let a(s) = s**2 + 10*s - 16. Let q(z) = z**3 + 6*z**2 - 9*z + 42. Let l be q(-8). Determine a(l).
40
Let s = -4854 + 4841. Let u(f) = 5*f**2 + 65*f - 5. What is u(s)?
-5
Suppose 0 = 2*b - 5*z + 38 - 16, -6 = 2*b - z. Let f(t) = -1 + 2*t - 1 - 3*t - 3*t**2 - 8*t**2. Determine f(b).
-12
Let g(o) = -o**3 + 26*o**2 - 24*o - 8. Suppose 5*y - 13*q = -11*q + 111, -40 = -3*y + 5*q. Calculate g(y).
17
Let d(m) = 6*m - 1. Let a = 30 + -31. Let k be (a*1)/(-5 + 6 - 2). Determine d(k).
5
Let x(l) be the first derivative of -46*l - 27/2*l**2 + 278 - 1/3*l**3. Give x(-25).
4
Let o(d) = -d**3 + 4*d**2 + 4*d + 38. Let t(g) = g**3 - 28*g**2 - 65*g + 156. Let a be t(30). Calculate o(a).
-10
Let k = -17/52 - -15/26. Let q(h) be the second derivative of -k*h**4 + 2*h**2 + 1/20*h**5 - 1/2*h**3 + 2*h + 0. Give q(4).
8
Suppose 0 = 3*o - 8*o - 5. Let g be (4 + -2 - 3) + (-15)/(-5). Let h(n) = n**2 + 1 + 0*n**g + 2*n - 5*n**2. Determine h(o).
-5
Let c(i) = -3*i**3 - 9032*i + 20 - 2*i**2 + 9031*i + 0*i**2. Give c(0).
20
Let m(u) = 5*u**3 + 2*u**2 - 1. Let n(o) = 76*o + 685. Let s be n(-9). What is m(s)?
6
Let k(x) = x**2 - 10*x. Let r = -1575 + 1584. Give k(r).
-9
Let s = 619 + -627. Let m be ((-3)/(-3))/(1/s). Let x(a) = a**2 + 8*a + 10. Determine x(m).
10
Let t(q) be the second derivative of -q**3/2 + 8*q**2 + 126*q. What is t(-11)?
49
Let t(j) = 2*j + 2. Suppose 48*k = 47*k - 2. Let l(q) = -5*q - 1. Let z(w) = k*l(w) - 6*t(w). Calculate z(-6).
2
Let i(p) = -p**3 - 6*p**2 - 6*p + 3. Suppose 6*b - 25 = b. Suppose -15 = 2*v - b*v. Suppose 15 = -2*m + v. Calculate i(m).
8
Let t(d) be the first derivative of -10*d + 64 + 1/2*d**2. Calculate t(7).
-3
Let n be (72/48)/(9/12). Let a(h) = -47*h**n + 33*h**2 + 16*h**2 - 2 + h - 2*h**3. Let x(v) = -v**3 - 7*v**2 - 5*v + 8. Let k be x(-6). Calculate a(k).
-8
Let b(v) = v**3 + 11*v**2 + 9*v - 12. Let k(s) be the first derivative of -2*s**2 + 18*s - 199. Let x be k(7). Determine b(x).
-2
Let p(o) be the first derivative of -2*o**3 - o**2 - o + 26. Let f = -585 + 584. Give p(f).
-5
Let t(b) be the first derivative of -b**5/20 + 2*b**3/3 - b**2/2 - 9*b + 205. Let m(p) be the second derivative of t(p). Determine m(-2).
-8
Let m(p) = -3*p - 5. Let i = -5258 + 5251. What is m(i)?
16
Suppose -58*t + 63*t = -30, 69 = -3*v - 4*t. Let g(q) be the second derivative of q**3/6 + 3*q**2 - 26*q. What is g(v)?
-9
Let y(p) = -22*p - 59. Let k(t) = -3*t + 3*t + 29 + 0*t + 10*t. Let f(a) = 13*k(a) + 6*y(a). Give f(13).
-3
Let t = -1/1374 + 115/687. Let a(h) be the third derivative of 0 + 0*h - t*h**3 - 3*h**2 - 1/8*h**4. Determine a(2).
-7
Let o = -7 + 7. Suppose -3*y - 42 = 4*v - 14, 3*y + 12 = o. Let l(h) = 2 + 1 + 3*h - 16 + 8 + h**2. Give l(v).
-1
Let u(c) = -c**2 + c - 1. Let v = -291 + 288. Let b(q) = 4*q**2 - 10*q + 1. Let p(o) = v*u(o) - b(o). Give p(5).
12
Let r(j) be the third derivative of 11*j**5/120 - j**4/12 + 43*j**3/2 + 23*j**2 - 2*j. Let t(c) be the first derivative of r(c). Calculate t(-2).
-24
Let o(g) = 71*g. Let j(m) = -449*m + 22. Let k(r) = j(r) + 6*o(r). Calculate k(5).
-93
Let h(z) = 47 - 21 + 110*z + z**2 - 119*z - 25. Determine h(7).
-13
Let t(z) be the first derivative of z**4/4 - 5*z**3/3 + 4*z**2 - 8*z + 3167. Give t(5).
32
Suppose -106*s - 305 = 121*s + 78*s. Let l(q) = -21*q**2 + 5*q + 5. Give l(s).
-21
Let b(m) = 2*m - 67. Let p(l) = 27*l - 248. Let h(g) = 6*b(g) - p(g). Determine h(-10).
-4
Suppose -13 = 2*j + 5*c, -14 = -4*j + 10*c - 12*c. Let y(r) = r + 20. What is y(j)?
26
Let w(z) = -4*z**3 - 18*z**2 - 28*z - 2. Let d(q) = q**3 - 3*q**2 + q - 1. Let i(u) = 2*d(u) + w(u). What is i(-11)?
40
Let l(y) = 11*y**2 + 4*y + 39. Let a be l(10). Let q(x) = 591*x - a*x + 597*x. What is q(1)?
9
Let m = 15 - 23. Let l(o) = -42*o + 207. Let s(p) = 11*p - 55. Let u(b) = 5*l(b) + 19*s(b). Give u(m).
-2
Suppose 0 = -16*y + 8*y + 64. Let t(u) = -y*u**2 + 11 + 10*u**2 - u**2 - 17*u + 7*u. What is t(8)?
-5
Let h = 45 + -40. Suppose h*n + 11 = 31. Suppose z = 3*a - 8 - 9, 0 = n*z + a + 16. Let g(c) = -c**3 - 6*c**2 - 6*c - 3. Calculate g(z).
2
Suppose -1263 = -65*h + 68*h. Let l = -418 - h. Let a(t) = -3*t - 1. Let n(f) = -3*f - 1. Let o(k) = -5*a(k) + 6*n(k). Calculate o(l).
-10
Let f(h) = -4*h**3 + 6*h**2 - 8 + h**3 + 2*h**3. Suppose -9*t + 250 = 205. Suppose t*d = -2*v + 12, -29*v - 5*d + 30 = -24*v. What is f(v)?
-8
Let i(z) = -z**2 + 7*z + 47. Let b(u) = u**2 - 8*u - 52. Let y(r) = -5*b(r) - 6*i(r). Give y(5).
-7
Let j(f) be the first derivative of -f**3/3 - 17*f**2 + 91*f + 7005. Determine j(3).
-20
Let w be 2/(-10)*-4 + (-864)/(-20). Suppose -w = 4*b - 88. Let d(h) = -h**3 + 10*h**2 + 10*h + 9. Calculate d(b).
-2
Let x(k) = -k**2 + 6*k + 4. Let a(f) = -f**3 + 7*f**2 - 4*f - 3. Let d be a(6). Let z = 6117 - 6112. Suppose -z*h + 24 - d = 0. Calculate x(h).
13
Let l be (-6)/9 - (-6)/(-18). Let r(w) = w**3 + w**2 - 2*w - 1. Let d(s) = -5*s**3 - 16*s**2 + 14*s - 9. Let z(o) = l*d(o) - 6*r(o). Give z(10).
-5
Let n(t) be the second derivative of t**4/12 + t**3/2 + 3*t**2/2 + 6533*t. Let i be 4/18 - 48/(-27). Suppose 3*r - 3 = i*k + 9, -4*k + 4*r - 20 = 0. Give n(k).
3
Let o(j) = -7 + 2*j - 2*j + j. Suppose -1 = 5*r + h, 3*r - 4 = 2*r + 4*h. Suppose 0 = -3*f - 3*g, r*f = 3*f + 4*g. Determine o(f).
-7
Let j(r) = -2*r**2 - 10*r - 12. Suppose 364 = -61*d + 59. Give j(d).
-12
Suppose 0 = -10*i + 127 + 3953. Let f = -404 + i. Let u(l) = l**2 - 10*l + 24. Give u(f).
0
Let l(f) = -9*f + 7 - f**3 - 2 - 10*f**2 - 2 + 0*f**3. Suppose 29 = 3*c - 4*w, 2*c - 5*w = -0*c + 10. Suppose -2*a - c = b, 30 = -3*a - 2*a - 5*b. What is l(a)?
3
Let m(s) be the first derivative of 89*s**3/3 - 133. Determine m(-1).
89
Let p be (-230)/1 - 0 - (-3 + -1). Let a = 221 + p. Let m(t) = 7*t + 2. What is m(a)?
-33
Let c(l) = 12*l - 324. Let h be (-585)/13*(-42)/70. Calculate c(h).
0
Suppose -9*a - 3*a = -144. Let r(i) = i**2 - 15*i + 28. Give r(a).
-8
Suppose 2*y - 3*y = -3. Let a(z) = 4 + y*z - 3 + 0. Let b(o) = 2*o - 51. Let h be b(24). Give a(h).
-8
Let v(o) = -2*o + 5*o + 0*o - 4*o - 13. Let n be (-4)/(-10) - 12/30. Suppose -4*i + k + n*k - 22 = 0, -3*k = -5*i - 24. Calculate v(i).
-7
Let u(x) = 85*x**2 + 11*x - 11. Let d(p) = -12*p**2 - p + 2. Let s(j) = 7*d(j) + u(j). Suppose 0 = 3*q + 16 - 1. Determine s(q).
8
Let v(r) = r**3 + 9*r**2 + 16*r + 30. Let n be v(-7). Suppose -n*d - 29 = 67. Let z(l) = -4*l - 17. What is z(d)?
7
Let v(g) = -g**2 + 18*g + 13. Suppose 1796*y = 1792*y + 72. Calculate v(y).
13
Let f = 43 - 29. Let k(j) = -15 - 43*j + 44*j + f. Calculate k(7).
6
Suppose 5*h - 247 = 203. Suppose h = 10*j - 10. Let u(x) = x**2 + 11*x - 17*x - 5 + j*x. Give u(-4).
-5
Let m(l) = -486*l - 255. Let p(w) = 573*w + 256. Let b(k) = -6*m(k) - 5*p(k). Calculate b(-5).
-5
Let r(n) be the first derivative of 2*n**2 + 6*n + 1/4*n**4 + 16 - 2*n**3. Let b be -1 + 1 + 1 - -4. Calculate r(b).
1
Let s(u) = 5*u + 13. Let f be 27 + -7 - (-198)/(-9). What is s(f)?
3
Suppose 2*d - 3*i - 22 = -2*d, -2*i + 32 = 4*d. Let o(k) = -3 - 2*k**2 - 1 + 10*k + 9 - d*k. Give o(-2).
-9
Let i(b) = 16*b + 3. Let u(s) = 2*s + 1. Let f(y) = -i(y) + 4*u(y). Let w(l) = 3*l**2 + 12*l + 9. Let g be w(-6). Let x = g - 44. Calculate f(x).
-7
Let a(r) = -r + 9. Let v be a(5). Suppose 6*u - 6 = v*u. Let f(o) = -o + 3 + 12*o**3 - 11*o**u - 4*o**2 + 3*o. Determine f(3).
0
Let k be -2 - (-2 + 6/2 - 5). Suppose 2*y = -0 + k. Let o(d) = -5*d + 5*d - d + y + 8. What is o(0)?
9
Let s(n) be the first derivative of n**5/20 + n**4/24 - n**3/6 - 3*n**2/2 - n + 59. Let a(h) be the second derivative of s(h). Calculate a(2).
13
Let w(b) = -2*b - 2. Let f(u) = 26*u + 23. Let n(c) = -17*c - 15. Let v(a) = -5*f(a) - 8*n(a). Let p(s) = 